remainder when 7598751 is divided by 844298.
69
What is the remainder when 1385516 is divided by 1669?
246
Calculate the remainder when 1031636 is divided by 65.
21
What is the remainder when 107359 is divided by 107209?
150
Calculate the remainder when 996233 is divided by 124437.
737
What is the remainder when 676833 is divided by 174?
147
What is the remainder when 40746 is divided by 39926?
820
Calculate the remainder when 37668 is divided by 6292.
6208
Calculate the remainder when 907086 is divided by 1878.
12
What is the remainder when 599492 is divided by 10054?
6306
Calculate the remainder when 20915749 is divided by 2614464.
37
Calculate the remainder when 50253305 is divided by 7177.
7128
Calculate the remainder when 86497 is divided by 7858.
59
Calculate the remainder when 485820575 is divided by 161940187.
14
Calculate the remainder when 1923262 is divided by 212.
210
What is the remainder when 237627 is divided by 9890?
267
What is the remainder when 9129663 is divided by 39?
36
Calculate the remainder when 2138559 is divided by 6725.
9
Calculate the remainder when 6225245 is divided by 32253.
416
Calculate the remainder when 625189446 is divided by 2825.
2821
What is the remainder when 1970059854 is divided by 593?
591
What is the remainder when 2674882 is divided by 1337440?
2
What is the remainder when 6267464 is divided by 261144?
8
Calculate the remainder when 219083 is divided by 370.
43
Calculate the remainder when 443422 is divided by 433.
30
What is the remainder when 498719 is divided by 313?
110
Calculate the remainder when 61145177 is divided by 10.
7
Calculate the remainder when 3865242 is divided by 1468.
1466
What is the remainder when 117254993 is divided by 116?
105
Calculate the remainder when 3176490 is divided by 4093.
322
What is the remainder when 12446 is divided by 107?
34
Calculate the remainder when 6664786 is divided by 136.
106
Calculate the remainder when 6212717 is divided by 94132.
5
Calculate the remainder when 27754445 is divided by 5358.
5
Calculate the remainder when 153507 is divided by 153476.
31
Calculate the remainder when 79579 is divided by 31.
2
What is the remainder when 1064605 is divided by 1594?
1407
Calculate the remainder when 11310 is divided by 480.
270
What is the remainder when 840810 is divided by 2831?
3
Calculate the remainder when 474572 is divided by 27916.
0
Calculate the remainder when 4224486 is divided by 289.
173
Calculate the remainder when 26088 is divided by 8631.
195
What is the remainder when 179378 is divided by 14876?
866
What is the remainder when 1446871 is divided by 723326?
219
Calculate the remainder when 37045 is divided by 1996.
1117
What is the remainder when 4094785 is divided by 818955?
10
Calculate the remainder when 7877060 is divided by 51484.
8
What is the remainder when 35780322 is divided by 94908?
6
Calculate the remainder when 202950 is divided by 64509.
9423
Calculate the remainder when 363126 is divided by 226.
170
Calculate the remainder when 6610830 is divided by 13.
5
What is the remainder when 369998 is divided by 92468?
126
Calculate the remainder when 28885 is divided by 208.
181
What is the remainder when 74118 is divided by 851?
81
What is the remainder when 27755159 is divided by 165?
14
Calculate the remainder when 41748 is divided by 11156.
8280
Calculate the remainder when 477753 is divided by 6642.
6171
Calculate the remainder when 1373495 is divided by 2196.
995
What is the remainder when 863222 is divided by 39235?
52
Calculate the remainder when 2350992 is divided by 4674.
4644
Calculate the remainder when 491613 is divided by 163806.
195
What is the remainder when 2505252 is divided by 402?
390
Calculate the remainder when 6589209 is divided by 1942.
3
What is the remainder when 1662419 is divided by 276984?
515
What is the remainder when 393302 is divided by 508?
110
Calculate the remainder when 1768507 is divided by 884002.
503
What is the remainder when 71438764 is divided by 23?
5
Calculate the remainder when 1448683 is divided by 482796.
295
What is the remainder when 23416157 is divided by 2087?
17
What is the remainder when 110694 is divided by 21841?
1489
Calculate the remainder when 1771913 is divided by 4064.
9
Calculate the remainder when 516925 is divided by 5680.
45
Calculate the remainder when 208191876 is divided by 63.
60
What is the remainder when 366958 is divided by 803?
790
Calculate the remainder when 240402 is divided by 59886.
858
Calculate the remainder when 182016 is divided by 43.
40
What is the remainder when 635755 is divided by 9?
4
What is the remainder when 280305 is divided by 46313?
2427
What is the remainder when 38319 is divided by 2297?
1567
Calculate the remainder when 6393905 is divided by 29.
14
What is the remainder when 3262508 is divided by 20264?
4
Calculate the remainder when 836449 is divided by 41821.
29
Calculate the remainder when 495789794 is divided by 13399.
13395
What is the remainder when 144335100 is divided by 34?
0
What is the remainder when 49671153 is divided by 77?
70
Calculate the remainder when 227472 is divided by 140.
112
What is the remainder when 126390885 is divided by 2691?
2688
Calculate the remainder when 226999242 is divided by 10809487.
15
Calculate the remainder when 469357 is divided by 925.
382
Calculate the remainder when 10517132 is divided by 584285.
2
Calculate the remainder when 5354216 is divided by 644.
0
Calculate the remainder when 54897 is divided by 364.
297
Calculate the remainder when 64028372 is divided by 217.
135
Calculate the remainder when 1202670190 is divided by 150333773.
6
Calculate the remainder when 3247384 is divided by 1177.
41
Calculate the remainder when 11290360 is divided by 201613.
32
Calculate the remainder when 24554 is divided by 222.
134
Calculate the remainder when 149518 is divided by 317.
211
What is the remainder when 16003256 is divided by 273?
269
What is the remainder when 87721310 is divided by 261?
254
What is the remainder when 449779 is divided by 4632?
475
Calculate the remainder when 358406 is divided by 1562.
708
What is the remainder when 27079877 is divided by 13539934?
9
Calculate the remainder when 185130600 is divided by 423.
420
Calculate the remainder when 76183 is divided by 313.
124
Calculate the remainder when 988395 is divided by 6025.
295
What is the remainder when 104038 is divided by 51894?
250
What is the remainder when 4789367 is divided by 228?
227
What is the remainder when 5318771 is divided by 759824?
3
Calculate the remainder when 14382836 is divided by 29.
25
Calculate the remainder when 23139226 is divided by 757.
7
What is the remainder when 1081169 is divided by 3434?
2893
Calculate the remainder when 72731 is divided by 24019.
674
Calculate the remainder when 322970 is divided by 46134.
32
Calculate the remainder when 27094304 is divided by 125.
54
Calculate the remainder when 143598 is divided by 210.
168
Calculate the remainder when 374581930 is divided by 1964.
1958
What is the remainder when 9670298 is divided by 2417573?
6
Calculate the remainder when 5122817 is divided by 1024557.
32
What is the remainder when 162916283 is divided by 851?
843
Calculate the remainder when 2406818 is divided by 240662.
198
What is the remainder when 7667142 is divided by 2543?
2540
Calculate the remainder when 84901 is divided by 42015.
871
Calculate the remainder when 3335329 is divided by 364.
361
What is the remainder when 11438838 is divided by 10621?
21
Calculate the remainder when 203610 is divided by 1267.
890
What is the remainder when 125522606 is divided by 41840868?
2
Calculate the remainder when 471356300 is divided by 13.
12
Calculate the remainder when 4887274 is divided by 698182.
0
What is the remainder when 34243297 is divided by 260?
257
Calculate the remainder when 154732313 is divided by 209.
208
What is the remainder when 275139 is divided by 12438?
1503
What is the remainder when 81336 is divided by 27089?
69
What is the remainder when 1630814 is divided by 29?
28
What is the remainder when 936264 is divided by 468120?
24
What is the remainder when 253461 is divided by 2415?
2301
What is the remainder when 491243 is divided by 484?
467
What is the remainder when 2164